p - 166. List the prime factors of ((-6258)/p + 8)*(-16)/6.
2, 337
Suppose -2 = u, -z + 0*u = -3*u - 183. Let j = -2073 - -2046. Let x = j + z. What are the prime factors of x?
2, 3, 5
Let v be (-2)/(-6) + 12/(-36). Let i = v + 2. Suppose i*y = 3*j + 61, -j - 41 = -3*y + 54. What are the prime factors of y?
2
Let d(l) = 2*l**2 + 9*l - 932. List the prime factors of d(-105).
20173
Let z = -16802 - -29150. What are the prime factors of z?
2, 3, 7
Let k = -237 + 261. Suppose -15*t = -k*t + 1134. List the prime factors of t.
2, 3, 7
Let w be (18/27)/(-2 - (-18832)/9414). Suppose w + 580 = 7*i. What are the prime factors of i?
307
Suppose -22 = -12*r + 10*r. Suppose 20 = 4*o, r*m - 7*m = 3*o + 1061. What are the prime factors of m?
269
Let v(g) be the third derivative of g**4/12 + 11*g**3/6 + 2*g**2. Let s be v(-3). What are the prime factors of (2 + (-24)/9)/(s/(-255))?
2, 17
Let c be 1/(6/54) + -1. Suppose -3*g = -c*g + 1060. What are the prime factors of g?
2, 53
List the prime factors of 37482/(-15)*(-10)/12*(2 + 1).
6247
Let l(n) = 323*n - 8126. What are the prime factors of l(98)?
2, 17, 173
Let n(b) be the third derivative of -287*b**6/120 - b**5/30 - b**4/12 + 36*b**2. What are the prime factors of n(-1)?
7, 41
Let m(b) = -b**3 + 14*b**2 + 20*b + 9. Let o be (2 - -1) + -2 - (-15 - 0). Suppose o = -4*l, -5*x + 3*l - 6 + 93 = 0. List the prime factors of m(x).
2, 3, 7
Let w be (4 + 0 - (4 - 0))/(-1). Suppose -3 = 5*h + 12, x + h - 395 = w. List the prime factors of x.
2, 199
Let k(d) be the first derivative of -d**3/3 + 41*d**2/2 - 5*d + 24. List the prime factors of k(26).
5, 7, 11
Let m(s) = -s**3 - 11*s**2 - s - 3. Let b be m(-11). Let o(t) = 150*t - 18. What are the prime factors of o(b)?
2, 3, 197
Suppose -44417 = -17*v + 164120 - 40373. What are the prime factors of v?
2, 2473
Let q = -99 - -102. Suppose 0 = -h + q + 1. Suppose -j + h*j - 276 = 3*x, 4*j - 363 = -x. List the prime factors of j.
7, 13
Let v(i) be the first derivative of 5*i**2/2 + 188*i - 63. List the prime factors of v(-21).
83
Let u(l) = 222*l**2 - 224*l - 3848. List the prime factors of u(-18).
2, 4507
Let p be (12/10)/((-14)/35). Let v be p + 2/(-5) + 692/5. Let h = v + -48. List the prime factors of h.
3, 29
Suppose 2230 = -4*n + 1086. Let g(f) = -6*f**3 - 5*f**2 + 5*f - 4. Let y be g(3). Let z = y - n. What are the prime factors of z?
2, 3, 5
Let q(i) = -i - 20. Let p be q(-23). Suppose 0 = u + 5*s - 352, p*u + 4*s - 1111 = -0*s. List the prime factors of u.
13, 29
Suppose -4*m = -11*z - 18520, 4*m - 2*m - 9286 = -z. List the prime factors of m.
3, 7, 13, 17
Suppose -5*l - 3326 = -f, -4*l = -2*f + 2964 + 3688. List the prime factors of f.
2, 1663
Suppose -83 = -12*s - 11. Let x(q) = 2*q**2 + 10*q - 6. What are the prime factors of x(s)?
2, 3, 7
Let x be (-2)/16*-4 + 3/2. Suppose -3*m - x*m = -445. What are the prime factors of m*3/12*4 + -3?
2, 43
Let o(j) = 11*j + 36. Let x be o(-11). Let s = x - -69. List the prime factors of (153*4/s)/((-2)/8).
3, 17
Let m = 57 + -55. Suppose -b - 2*l = -5*l - 398, -m*l = -6. What are the prime factors of b?
11, 37
Let r(u) = -u**3 + 6*u**2 + u + 11. Suppose 0 = v - 4*m - 4, 0 = 2*v - 4*m - 0 - 12. Let q be r(v). Let y = -29 - q. List the prime factors of y.
2, 5
Suppose 25 = 2*z - 7. Suppose 5*k = -5*m - 10, -4*m = -2*k - m + z. Suppose 5*l + k*l = 616. What are the prime factors of l?
2, 11
Suppose 7*j - 11*j = 120. Let l be 4/j - (-62523)/135. Suppose l - 107 = 4*d. List the prime factors of d.
89
What are the prime factors of 509364/(27 + -9) + 16?
2, 3, 11, 13
Suppose -294*o = -236*o - 1401106. List the prime factors of o.
7, 17, 29
Let a be (-1*2 - -17)*16/48. Suppose 1 = -k, a*s - 291 - 913 = -k. Let r = -154 + s. What are the prime factors of r?
3, 29
Suppose -209690 = 727*k - 792*k. List the prime factors of k.
2, 1613
Let k be ((-2)/(-2))/((-1)/(-6)). Let g be (k/8)/(6/(-288)). List the prime factors of 15/(3/g*-4).
3, 5
Suppose -27 = -2*r + 3*k + 11, k + 19 = r. Suppose r*o - 616 = 15*o. What are the prime factors of o?
2, 7, 11
Let k(t) = 24*t**2 + 6*t - 10. Let p(a) = -4*a + 22. Let x be p(5). What are the prime factors of k(x)?
2, 7
Suppose r + 2*v - 6171 = 0, -r + 6135 = -10*v + 6*v. List the prime factors of r.
3, 2053
Let p = 38 + -18. Suppose p*f - 24 = 19*f. Suppose -c - 2*k + 23 - 6 = 0, -3*c + 3*k + f = 0. What are the prime factors of c?
11
Let b = 1851 + -1847. Let f(h) = -h**2 + 2*h + 6. Let m be f(6). What are the prime factors of (-1418)/m - b/(-18)?
79
What are the prime factors of (13 - -542)/(40/336)?
2, 3, 7, 37
Suppose -8*i = -2*i + 1224. Let r = 285 - i. What are the prime factors of r?
3, 163
Suppose -3*n - 3*g + 20 = 5, -n - 1 = -g. Suppose -v + 3*t + 447 = 0, -2*v = -n*t + 6*t - 874. List the prime factors of v.
3, 7
Let h be (-5)/4 - (-10504)/32. Suppose 4*i - 7*i + b + 971 = 0, -b - h = -i. What are the prime factors of i?
2, 7, 23
Let n(k) = k**2 + 3*k - 59. Let c be n(6). What are the prime factors of (0 + 316 - c) + -3?
2, 3, 53
Let h = 9637 - -1981. What are the prime factors of h?
2, 37, 157
What are the prime factors of ((-1416)/48 + 29)/(1/(-20918))?
10459
Suppose 38 = -3*z + 4*u, -5*z = 7*u - 6*u + 25. List the prime factors of 2/(-3)*(z - 591).
2, 199
Let r = -149 + 124. Let m = -20 - r. Suppose -m*t - 11 = 4, 5*o = -2*t + 1224. List the prime factors of o.
2, 3, 41
Suppose 67*b - 72*b - 39034 = -2*l, -19539 = -l - 3*b. What are the prime factors of l?
3, 23, 283
Suppose 5*v + 40*v = -1575. Let o = 8 + -23. Let q = o - v. What are the prime factors of q?
2, 5
Let g be (1 + -28)*(-4 - (-22)/6). Suppose -5*p + 453 = -3*m, 5*p + g*m - 4*m - 445 = 0. List the prime factors of p/(-12)*((-15)/9 - 1).
2, 5
Let u(j) = -j**3 + 23*j**2 + 94*j + 41. Let w be 98/49 - (-2 - 22). List the prime factors of u(w).
457
Suppose 9*c - 7*c = -k + 1754, 0 = 2*c - 6. What are the prime factors of k?
2, 19, 23
List the prime factors of (-8)/(-5)*(3 + (-66138)/(-24)).
2, 2207
List the prime factors of (-20257)/(-94)*(-78 - 3)*-4.
2, 3, 431
Let g be (-55)/((-25)/(-5)) + -2. Let w = -12 - g. Suppose y = -w + 57. What are the prime factors of y?
2, 7
Let t be 2/12*(790 - 2)*15. Suppose -40*q + t = -30*q. List the prime factors of q.
197
Let t(r) = r**2 - r - 2. Let q be t(-1). Suppose -l + 6*l = -2*v + 671, q = -4*l - v + 538. What are the prime factors of l?
3, 5
Suppose 0 = 2*v - 3*k - 9, -1 - 6 = -4*v - 5*k. Suppose -12 = -v*c + c. Suppose -c*n = -358 - 1238. What are the prime factors of n?
2, 7, 19
Let i = 50 - 50. Suppose i = -5*u + 13*u - 16. Suppose -u*v + 13 = -257. What are the prime factors of v?
3, 5
Suppose 5*k - 560 = -4*g + 2666, -k + 3*g + 649 = 0. List the prime factors of k.
2, 17, 19
Let r = 1947 + -1031. Suppose 5*s = 5344 + r. What are the prime factors of s?
2, 313
Suppose 3*w + 1488 = j + 4847, 2244 = 2*w + 4*j. Suppose 8*h - 6680 = w. What are the prime factors of h?
3, 5, 13
Let d = 514 - 511. Suppose -3602 = -d*b + 9*f - 7*f, -3*b + f + 3601 = 0. List the prime factors of b.
2, 3, 5
Let k = 1032 - 910. Let u = 142 - k. What are the prime factors of u?
2, 5
Suppose 5*y - 3*y + 416 = 0. Let p be 3650/(-75)*(5 + -11). Let q = p + y. List the prime factors of q.
2, 3, 7
Suppose 0 = 5*r - 2*r - 3*n - 81, -2*r + 54 = 5*n. Suppose -9*t - r = 9. What are the prime factors of (-16)/t*-1 + (0 - -201)?
197
Let f(d) = -d + 15. Let j be f(10). Suppose 0 = 7*m - j*m - 1102. Let h = -362 + m. What are the prime factors of h?
3, 7
Let i(b) = b**2 + b - 16. Suppose 0 = 4*c, 8*c - 3*c = 4*z - 24. Let q be i(z). Suppose q + 9 = d. List the prime factors of d.
5, 7
Let u(f) = 2*f**2 + 24*f - 6. Suppose -5*c + w - 79 = -3*w, -c = 3*w + 12. Let t be u(c). Let d = 179 - t. What are the prime factors of d?
5, 19
List the prime factors of 3 - (-13571 + (-324)/18).
2, 1699
Suppose 111*v - 5*w + 237871 = 115*v, -5*w = -2*v + 118913. List the prime factors of v.
2, 7433
Let d(b) = b**2 - b. Let h = -1 - -3. Let v be d(h). What are the prime factors of 81/v*(-5)/(15/(-6))?
3
Let u(q) = -q**3 + 25*q**2 - 16*q + 168. List the prime factors of u(20).
2, 3, 7, 11
Let p be ((-4)/10)/(8/(-80)). Suppose 0 = 2*d - f + 19, -p*d + 1 - 41 = -4*f. What are the prime factors of (1 - 16)*36/d?
2, 3, 5
Suppose 0 = 58*l - 53*